{"id":5787,"date":"2023-10-19T10:50:14","date_gmt":"2023-10-19T08:50:14","guid":{"rendered":"https:\/\/www.reissprofile.pl\/?post_type=product&#038;p=5787"},"modified":"2025-03-13T22:47:35","modified_gmt":"2025-03-13T21:47:35","slug":"odkryj-sile-wewnetrznych-potrzeb-katarzyna-janas-joanna-religa","status":"publish","type":"product","link":"https:\/\/www.reissprofile.pl\/en\/produkt\/odkryj-sile-wewnetrznych-potrzeb-katarzyna-janas-joanna-religa\/","title":{"rendered":"Odkryj si\u0142\u0119 wewn\u0119trznych potrzeb<br><strong>Katarzyna Janas, Joanna Religa<\/strong>"},"content":{"rendered":"<p><b>Jedyna taka ksi\u0105\u017cka o rozwoju osobistym!<\/b><\/p>\n<p><span style=\"font-weight: 400;\">Przygotuj si\u0119 na podr\u00f3\u017c ku odkrywaniu nie\u00adsamowitej si\u0142y tkwi\u0105cej w indywidu\u00adalnych potrzebach. Czas na rozw\u00f3j w zgodzie ze sob\u0105.<\/span><\/p>\n<p><span style=\"font-weight: 400;\">W ksi\u0105\u017cce \u201eOdkryj si\u0142\u0119 wewn\u0119trznych potrzeb \u2013 strategie rozwoju osobistego na podstawie praktyk trener\u00f3w, coach\u00f3w i mentor\u00f3w\u201d znajdziesz niezast\u0105pione wskaz\u00f3wki i narz\u0119dzia, kt\u00f3re pomog\u0105 ci wspiera\u0107 siebie i innych w rozwoju. Odkryjesz, jak si\u0119 przygotowa\u0107 i w jaki spos\u00f3b prowadzi\u0107 dzia\u0142ania rozwojowe, aby idealnie dopasowa\u0107 si\u0119 do indywidualnych potrzeb drugiej osoby i w efekcie wyzwoli\u0107 pe\u0142ni\u0119 jej potencja\u0142u.<\/span><\/p>\n<p><span style=\"font-weight: 400;\">Ta wyj\u0105tkowa ksi\u0105\u017cka o rozwoju osobistym zawiera mi\u0119dzy innymi:<\/span><\/p>\n<ul>\n<li style=\"font-weight: 400;\" aria-level=\"1\"><span style=\"font-weight: 400;\">Skuteczne sposoby na zaspokajanie indy\u00adwidualnych potrzeb prowadz\u0105ce do osi\u0105\u00adgania satysfakcji i spe\u0142nienia.<\/span><\/li>\n<li style=\"font-weight: 400;\" aria-level=\"1\"><span style=\"font-weight: 400;\">Om\u00f3wienie indywidualnej skuteczno\u015bci i prezentacj\u0119 mo\u017cliwo\u015bci jej rozwoju w r\u00f3\u017cnych sferach \u017cycia.<\/span><\/li>\n<li style=\"font-weight: 400;\" aria-level=\"1\"><span style=\"font-weight: 400;\">Cz\u0119\u015b\u0107 praktyczn\u0105 z om\u00f3wieniem popularnych wyzwa\u0144 w pracy z zespo\u0142ami, w oparciu o liczne i inspiruj\u0105ce <\/span><i><span style=\"font-weight: 400;\">case studies<\/span><\/i><span style=\"font-weight: 400;\">.<\/span><\/li>\n<li style=\"font-weight: 400;\" aria-level=\"1\"><span style=\"font-weight: 400;\">Innowacyjne \u0107wiczenia rozwojowe pozwa\u00adlaj\u0105ce wykorzysta\u0107 potencja\u0142 drzemi\u0105cy w ka\u017cdym cz\u0142owieku.<\/span><\/li>\n<li style=\"font-weight: 400;\" aria-level=\"1\"><span style=\"font-weight: 400;\">Test oceny 16 wewn\u0119trznych potrzeb.<\/span><\/li>\n<\/ul>\n<p>___<\/p>\n<p><strong>Autor<\/strong>: Katarzyna Janas, Joanna Religa<br \/>\n<strong>Wydawnictwo<\/strong>: RMP Polska Instytut Durkalskiego Sp. z o.o.<br \/>\n<strong>Rok wydania<\/strong>: 2023<br \/>\n<strong>Rodzaj<\/strong>: ksi\u0105\u017cka<br \/>\n<strong>Ok\u0142adka<\/strong>: mi\u0119kka<br \/>\n<strong>Ilo\u015b\u0107 stron<\/strong>: 352<br \/>\n<strong>Format<\/strong>: 17 x 24cm<\/p>\n","protected":false},"excerpt":{"rendered":"<p><span style=\"font-weight: 400;\">Ksi\u0105\u017cka o rozwoju osobistym, b\u0119d\u0105ca inspiruj\u0105cym i praktycznym przewodnikiem dla wszystkich os\u00f3b zaanga\u017cowanych w dzia\u0142ania rozwojowe.<\/span><\/p>\n","protected":false},"featured_media":6322,"template":"","meta":{"_kad_post_transparent":"default","_kad_post_title":"","_kad_post_layout":"default","_kad_post_sidebar_id":"","_kad_post_content_style":"default","_kad_post_vertical_padding":"default","_kad_post_feature":"","_kad_post_feature_position":"","_kad_post_header":false,"_kad_post_footer":false,"_kad_post_classname":""},"product_brand":[],"product_cat":[47],"product_tag":[],"class_list":{"0":"post-5787","1":"product","2":"type-product","3":"status-publish","4":"has-post-thumbnail","6":"product_cat-ksiazki","8":"first","9":"instock","10":"featured","11":"taxable","12":"shipping-taxable","13":"purchasable","14":"product-type-simple","15":"entry","16":"content-bg","17":"loop-entry"},"_links":{"self":[{"href":"https:\/\/www.reissprofile.pl\/en\/wp-json\/wp\/v2\/product\/5787","targetHints":{"allow":["GET"]}}],"collection":[{"href":"https:\/\/www.reissprofile.pl\/en\/wp-json\/wp\/v2\/product"}],"about":[{"href":"https:\/\/www.reissprofile.pl\/en\/wp-json\/wp\/v2\/types\/product"}],"wp:featuredmedia":[{"embeddable":true,"href":"https:\/\/www.reissprofile.pl\/en\/wp-json\/wp\/v2\/media\/6322"}],"wp:attachment":[{"href":"https:\/\/www.reissprofile.pl\/en\/wp-json\/wp\/v2\/media?parent=5787"}],"wp:term":[{"taxonomy":"product_brand","embeddable":true,"href":"https:\/\/www.reissprofile.pl\/en\/wp-json\/wp\/v2\/product_brand?post=5787"},{"taxonomy":"product_cat","embeddable":true,"href":"https:\/\/www.reissprofile.pl\/en\/wp-json\/wp\/v2\/product_cat?post=5787"},{"taxonomy":"product_tag","embeddable":true,"href":"https:\/\/www.reissprofile.pl\/en\/wp-json\/wp\/v2\/product_tag?post=5787"}],"curies":[{"name":"wp","href":"https:\/\/api.w.org\/{rel}","templated":true}]}}

Odkryj siłę wewnętrznych potrzeb<br><strong>Katarzyna Janas, Joanna Religa</strong>

<p><b>Jedyna taka książka o rozwoju osobistym!</b></p>
<p><span style="font-weight: 400;">Przygotuj się na podróż ku odkrywaniu nie­samowitej siły tkwiącej w indywidu­alnych potrzebach. Czas na rozwój w zgodzie ze sobą.</span></p>
<p><span style="font-weight: 400;">W książce „Odkryj siłę wewnętrznych potrzeb – strategie rozwoju osobistego na podstawie praktyk trenerów, coachów i mentorów” znajdziesz niezastąpione wskazówki i narzędzia, które pomogą ci wspierać siebie i innych w rozwoju. Odkryjesz, jak się przygotować i w jaki sposób prowadzić działania rozwojowe, aby idealnie dopasować się do indywidualnych potrzeb drugiej osoby i w efekcie wyzwolić pełnię jej potencjału.</span></p>
<p><span style="font-weight: 400;">Ta wyjątkowa książka o rozwoju osobistym zawiera między innymi:</span></p>
<ul>
<li style="font-weight: 400;" aria-level="1"><span style="font-weight: 400;">Skuteczne sposoby na zaspokajanie indy­widualnych potrzeb prowadzące do osią­gania satysfakcji i spełnienia.</span></li>
<li style="font-weight: 400;" aria-level="1"><span style="font-weight: 400;">Omówienie indywidualnej skuteczności i prezentację możliwości jej rozwoju w różnych sferach życia.</span></li>
<li style="font-weight: 400;" aria-level="1"><span style="font-weight: 400;">Część praktyczną z omówieniem popularnych wyzwań w pracy z zespołami, w oparciu o liczne i inspirujące </span><i><span style="font-weight: 400;">case studies</span></i><span style="font-weight: 400;">.</span></li>
<li style="font-weight: 400;" aria-level="1"><span style="font-weight: 400;">Innowacyjne ćwiczenia rozwojowe pozwa­lające wykorzystać potencjał drzemiący w każdym człowieku.</span></li>
<li style="font-weight: 400;" aria-level="1"><span style="font-weight: 400;">Test oceny 16 wewnętrznych potrzeb.</span></li>
</ul>
<p>___</p>
<p><strong>Autor</strong>: Katarzyna Janas, Joanna Religa<br />
<strong>Wydawnictwo</strong>: RMP Polska Instytut Durkalskiego Sp. z o.o.<br />
<strong>Rok wydania</strong>: 2023<br />
<strong>Rodzaj</strong>: książka<br />
<strong>Okładka</strong>: miękka<br />
<strong>Ilość stron</strong>: 352<br />
<strong>Format</strong>: 17 x 24cm</p>

<p><span style="font-weight: 400;">Książka o rozwoju osobistym, będąca inspirującym i praktycznym przewodnikiem dla wszystkich osób zaangażowanych w działania rozwojowe.</span></p>
